 2. Let u(q) = 3*q + 2. Let k(h) = -2*f(h) + 3*u(h). Let x = 1 - -2. Let d be (0 + x)*2/3. Give k(d).
8
Let r(t) = -10*t**2 - 11*t - 16. Let i(g) = 3*g**2 + 4*g + 5. Let w(a) = 7*i(a) + 2*r(a). Suppose -35 = 5*c - 3*l, -l = -3*c - 9 - 8. Give w(c).
-5
Let z(p) = p**3 - p**2 - 1. Let q(b) = -b**3 + 7*b**2 - 5*b + 1. Let y(f) = q(f) + 2*z(f). Give y(-6).
-7
Let k be -3*(3 + 33/(-9)). Let g(r) be the second derivative of -1/6*r**3 + 0 + 3/2*r**2 - k*r. Determine g(-3).
6
Let z(k) be the third derivative of k**5/60 - 7*k**4/24 + 5*k**3/6 - 3*k**2. Suppose 5*n + 3*c - 20 = 2*c, -3*c - 5 = 2*n. Give z(n).
-5
Let m(k) = k + 2. Let l(p) = -p**3 - 9*p**2 + 10*p. Let r be l(-10). What is m(r)?
2
Let f be (-2*1/(-2))/1. Suppose 0 = 4*j + 3*m - 3, j - 8 - f = 2*m. Let a(h) = -4*h**j - h + 5*h**3 - h + 1 - 2*h**2. What is a(2)?
-3
Let s(i) = 9*i**2 - i. Let j be 36/(-60) + ((-8)/(-5))/(-4). What is s(j)?
10
Let w(m) be the first derivative of m**2/2 - 3*m - 8. Suppose 6*g - 16 = -2*q + 2*g, -4*q - g + 25 = 0. What is w(q)?
3
Suppose -a + 5*a + 3*x = 17, 4 = -4*x. Let j(h) = -h**2 - 3 - 5 + a*h - h + 3. Determine j(4).
-5
Let v(h) = -h**2 + 6*h**2 + h**3 - 7 + 9 - 5*h. What is v(-6)?
-4
Let t be 53/11 - 6/(-33). Let n(b) = b - 4. Give n(t).
1
Let i(j) be the second derivative of -j**3/6 - j**2/2 - 11*j. Give i(-5).
4
Let z(t) = -4 + 0 - 14*t + 2 + 5*t. Let y be (-12)/(-8) - (-1)/2 - 4. Calculate z(y).
16
Let o(s) = 4 - 9*s + 5*s + 5*s. What is o(-3)?
1
Let j(h) be the second derivative of -h**3/6 - 5*h**2/2 + 26*h. Give j(4).
-9
Let p = 6 + -5. Let s = -1 + p. Let o(w) = s*w - w + 11 + 0*w. Determine o(5).
6
Let a be (6/(-4))/(3/(-6)). Suppose 0 = p + a, 0*p - 7 = -2*k + p. Let c(b) = -3*b - 7. Let q(x) = -5*x - 11. Let u(i) = -8*c(i) + 5*q(i). What is u(k)?
-1
Let r(g) be the third derivative of -g**4/24 + g**3/3 - 18*g**2. Suppose -3*x - 2 + 14 = 0. Calculate r(x).
-2
Suppose 0*j = j - 4, -j - 24 = 4*w. Let r(u) = 19*u + 2. Suppose -2 = 2*i + 8. Let x(v) = -28*v - 3. Let a(q) = i*x(q) + w*r(q). Calculate a(-1).
-6
Let o(q) = 68 + 4*q - 3*q - 75. Calculate o(6).
-1
Suppose -4*q = 2*o - 10, 4 = 2*o - 2*q - 0. Let p(m) be the first derivative of m + o + 1/3*m**3 - 5/2*m**2. Give p(5).
1
Let c = -5 - -3. Let v(d) = d + 1. Let m(w) = w**3 - 4*w**2 - 5*w + 2. Let p be m(4). Let f(s) = -4*s - 4. Let g(a) = p*v(a) - 4*f(a). Calculate g(c).
2
Let f(u) = -u - 5. Let y(x) = -3*x + 14. Let h be y(6). Give f(h).
-1
Let n = -8 + 3. Let l(g) = -g**3 - 5*g**2. Let a be l(n). Let y(u) = -u**2 + 5. Determine y(a).
5
Suppose -6*y + 3*y = -57. Suppose -b + 4*c = y, -4*c = -3*b + c - 22. Let h(g) = 3*g. What is h(b)?
3
Suppose 18*z = -47 - 61. Let p(v) = -v**2 - 2. Let r(l) = -l**2 - l - 2. Let u(y) = -6*p(y) + 7*r(y). Calculate u(z).
4
Let s(i) = i**2 - 4*i + 3. Let k be s(2). Let g be k - (-1)/2*0. Let n be g/2*(-5 - 1). Let m(o) = -o**3 + 2*o**2 + 5*o - 3. Calculate m(n).
3
Let j be (-1 + 4 - 4)*2. Let n(g) = 5*g - 2. Give n(j).
-12
Let t = 6 + -3. Let c(i) = -12*i - 2*i**2 - 5 + i**t + 2 + 7*i. What is c(4)?
9
Let v = 7 + -4. Let j(o) = o**3 - 2*o**2 - 5*o + 3. Give j(v).
-3
Let a = 6 + 0. Let m(l) = -l**3 + 7*l**2 - 4*l - 8. Give m(a).
4
Let h(y) = 3 - 19*y**2 + 5*y - 9*y**2 + 27*y**2. Calculate h(4).
7
Let k(n) = 20*n**3 + 15*n**2 - 15. Let o be -1 + 19 + 12/(-4). Let d(q) = 5*q**3 + 4*q**2 - 4. Let z(u) = o*d(u) - 4*k(u). Let t be 1/1 - 4/2. Calculate z(t).
5
Let f(z) = z - 1. Let o be f(9). Let k(s) = s**3 - 8*s**2 + s - 10. Give k(o).
-2
Let j(o) = -o**2 + 7*o. Suppose -a + 4*c + 12 = 0, a - 2*c - 7 = 3. Determine j(a).
-8
Let d(s) = -s**3 + 5*s**2 + 7*s - 8. Let h(u) = u**3 + 3*u**2 - 7*u - 6. Suppose -3*t = 2*m - 5*t - 2, 5*t = 3*m - 13. Let p be h(m). What is d(p)?
-2
Let w(z) = -z + 1. Let y(x) = -3*x + 6. Let h(k) = 2*w(k) - y(k). Calculate h(3).
-1
Let z(k) = -k + 1. Let f(w) = w**2 + 8*w - 10. Let r(d) = f(d) + 5*z(d). Suppose b = -5*v - 14, 5*b - 2*v = 3*v - 10. Calculate r(b).
-1
Let i(q) be the second derivative of -q**2 - q + 0 + 5/6*q**3 - 1/12*q**4. What is i(2)?
4
Let u(l) = l**2 + 2*l + 1. Suppose 4*a + 20 = 8. Give u(a).
4
Let h(q) = q**3 + 5*q**2 - q + 4. Let n(i) = i - 10. Let c(p) = p - 9. Let b(j) = -7*c(j) + 6*n(j). Let m be b(8). What is h(m)?
9
Let k = 101 - 2423/24. Let b(p) be the third derivative of 0 + 4*p**2 + 1/30*p**5 + 0*p**3 - 1/12*p**6 + 0*p - k*p**4. Calculate b(1).
-9
Let k(h) be the first derivative of -1 + 6*h - 3/2*h**2. What is k(5)?
-9
Let q(s) = 19*s - 13*s + 1 + 11*s**2 - 10*s**2. What is q(-7)?
8
Suppose o - 5*o + 8 = 0. Let q(z) = 3*z + 10. Let h(y) = -5 - 3 + 1 + 4 - y. Let n(s) = o*q(s) + 7*h(s). Give n(-1).
0
Let n = 0 - -1. Let q(p) be the second derivative of -p**2 - 2*p. Let v(w) = -w. Let c(b) = n*v(b) + q(b). Give c(-5).
3
Let c be (-3)/(2/(-4) + -1). Suppose 5 = c*l - 9. Let h(z) = l + z + z - z. Give h(0).
7
Let z(m) = -6*m**2 + 1. Let p be z(-1). Let t(c) = -c**2 - 5*c + 7. What is t(p)?
7
Let v(m) = -m - 1. Let h be 13/(-5) + (-8)/20. What is v(h)?
2
Let h(d) = -d**3 + 5*d**2 + 2*d - 11. Let i be h(5). Let b(g) be the second derivative of g**4/4 + 2*g. Give b(i).
3
Let l(w) be the third derivative of w**8/2880 + w**7/5040 + w**5/20 - 2*w**2. Let v(b) be the third derivative of l(b). What is v(-1)?
6
Suppose 0 = 5*l - 0*q + 2*q - 11, 12 = 4*q. Let x(v) = 2*v**2 + 1. Calculate x(l).
3
Let g = 3 + -1. Let z(w) be the first derivative of 2 - w**g - 4*w - 4 + 7*w. Calculate z(4).
-5
Suppose -s = 2*s. Suppose -2*b + 36 = b. Suppose -5*v + v - b = s. Let p(l) = -l**2 - 2*l - 3. Determine p(v).
-6
Suppose 0*u - 26 = 4*g + 5*u, -u - 18 = 4*g. Let k = 4 + g. Let l(r) = 2 - r - 6 + k. Determine l(0).
-4
Let b(y) = -4*y**3 + 3*y**2 + 12*y - 7. Let r(v) = 3*v**3 - 4*v**2 - 11*v + 7. Let p(w) = -4*b(w) - 5*r(w). Calculate p(-7).
-7
Let f(t) = 4*t - 4. Let k be f(3). Let w(g) = -k + 8 + g. Let u = 40 - 37. Calculate w(u).
3
Let s(g) = g**3 + 8*g**2 + 2*g - 4. Let j(z) = -3*z - 2. Let x be j(2). Calculate s(x).
-20
Let g be 5/(-2)*(-8)/5. Let i be 1/g - 140/(-16). Suppose -3*n = -n - 4, 2*n = -5*x + i. Let h(b) = 3*b**2. Calculate h(x).
3
Let p(n) = -2*n**2 - 2*n - 5. Let b(f) = -3*f**2 - f - 4. Let h(l) = 3*b(l) - 4*p(l). Suppose -8*v = -4*v - 28. Determine h(v).
-6
Let g(b) = 0*b**3 + 5*b**3 + 111*b**2 - b - 113*b**2. What is g(-1)?
-6
Let k(d) = -2*d - 25 - d + 38. Calculate k(6).
-5
Let l(t) = 2*t + 11*t - 9*t + 9 - 3*t. Give l(-6).
3
Let m(o) = 2*o - 6. Suppose -4*j + 25 = -2*j - 5*b, 0 = -b - 3. Determine m(j).
4
Let g(j) = -j**2. Let a(v) = 21*v**2 + 1. Let n(x) = a(x) - 3*g(x). Give n(1).
25
Let a(u) = -5*u + 10*u - 6*u. Determine a(0).
0
Let f(m) be the first derivative of m**3/3 + m**2/2 - 4*m - 1. Let k(d) = -d + 1. Let c be k(5). Let o be 0/((-4)/(0 + c)). Give f(o).
-4
Let c(p) be the second derivative of 0 + 1/6*p**3 - 7/2*p**2 - 3*p. Let w be 0/(-1 - 1 - -1). Calculate c(w).
-7
Suppose 2*c - 5 + 1 = 0. Let t(r) = -r**c - 6*r + 10*r + 0*r**2. Let b(a) = a**3 + 7*a**2 + 5*a - 2. Let y be b(-6). Determine t(y).
0
Let i(p) = -3*p - 3*p + p - p**2. Let l = -39 + 32. Let d = l + 2. What is i(d)?
0
Let k(m) be the third derivative of -m**5/60 + m**4/4 - 7*m**3/6 - m**2. Let b = -1 + 6. Give k(b).
-2
Let r(m) = m**2 - m - 2. Suppose 17 - 37 = 5*s. What is r(s)?
18
Let i be 0/(-2) - 10/(-5). Suppose 0 = -i*p - 4*b, -2*p - 2*b = -5*p. Let g(y) = y + 1 + p - 6. Give g(6).
1
Let z(l) = l**2 - 3*l. Let q be (-1)/(-3) - (-98)/21. Determine z(q).
10
Suppose 0 = 4*q - 12 - 8. Let r(d) = -5*d**3 + d**2 + 10. Let h(i) = 9*i**3 - i**2 - 19. Let o(l) = 6*h(l) + 11*r(l). Calculate o(q).
-4
Let v(f) = f**3 + 5*f**2 + 3*f + 1. Let h be v(-4). Suppose h*w + 4 = -6. Let j be (-6)/(-4) - 3/w. Let n(z) = z**2 - 3*z - 1. Determine n(j).
-1
Suppose m - 2*m = 2*s + 6, m - 3*s = 14. Suppose -3*x = 8 - m. Let n(q) = q**3 - q + 2. Determine n(x).
-4
Let z(f) = -f**2 + 4*f - 2. Let a = 91 - 89. Determine z(a).
2
Let n be 18*3*(-4)/(-18). Let d = 7 - n. Let y(h) = 2*h + 4. Calculate y(d).
-6
Let l = 10 + -7. Let x(c) be the first derivative of c**4/4 - c**3 - 3*c**2/2 + 3*c - 2. Give x(l).
-6
Let f(o) = o**3 + 5*o**2 - 2*o - 2. Let s(l) = -l**2 + 3*l + 1. Let z(b) = -b. Let x(y) = s(y) + 4*z(y). Let p be x(2). Calculate f(p).
8
Let c(w) be th